
-5
Let g(x) = -5*x - 16. Suppose -5*i - 43 = -28. Let c(t) = -12*t - 40. Let u be c(i). What is g(u)?
4
Let x(t) = -36451*t**3 + 14*t**2 - 36441*t**3 + 52 + 46*t + 72891*t**3. Give x(17).
-33
Let s = -5327 + 5334. Let a(t) = t**2 - 6*t + 2. What is a(s)?
9
Let c(h) = h**3 - 9*h**2 - 3*h + 23. Let t be (4 + (-78)/24)*168/14. Calculate c(t).
-4
Let n = -67 - -94. Let c = -27 + n. Suppose c = -4*g - i - 21, -2*i - 15 = 2*g - 3*i. Let a(y) = y**2 + 5*y + 9. Determine a(g).
15
Let n(d) = -92*d - 2*d**2 + 129*d + 6056 - 6059. Give n(18).
15
Let m(a) = -a + 13. Let l be m(12). Let w be 0*(7/2 + -3). Let x(y) = -3*y**3 - 17 + w*y**3 + 18 + 5*y - 7*y. What is x(l)?
-4
Suppose -r + 4*r - 2*i - 30 = 0, 4*i + 24 = 3*r. Suppose 13 - 5 = 2*y, r = 2*b + y. Suppose -108 = -13*o - b. Let d(k) = -k**2 + 7*k + 2. Calculate d(o).
-6
Let j be 0 - (2 + -1 - (26 + -17)). Let d be 1*11 - (-2 + j - 2). Let a(w) be the second derivative of -w**4/12 + w**3 + 4*w**2 - w. Determine a(d).
1
Let t(q) = -q**2 - 14*q - 15. Let w(i) = i**2 - 22*i + 28. Let u be w(21). Suppose -u*d = -26*d - 266. What is t(d)?
-15
Let f(o) = o**3 - 9*o**2 - 94*o + 836. Let s be f(10). Let t(v) = 0 + 3 - 5*v + 3*v. What is t(s)?
11
Let o(x) = 2*x - 6388 - 6395 + 12756. Give o(-10).
-47
Let m be -6 - ((-26)/6)/(5/15). Suppose -m*k - 2 = -2*i - 2*k, -i + 2*k + 2 = 0. Let w(n) = n**2 - 7*n + 9. What is w(i)?
3
Let l(s) be the second derivative of s**5/20 + s**4/2 - 14*s**3 - 509*s**2/2 - s - 921. Determine l(-6).
-5
Let z(j) be the second derivative of j**5/20 + 7*j**4/6 + 13*j**3/6 + 743*j + 1. What is z(-13)?
0
Let d(w) = -w**3 - 2*w**2 - 1. Let o be 6/((-10)/(80/(-12))). Let b be (1*o)/1 + (18 - 26). What is d(b)?
31
Let d(v) = 2*v**3 + 337*v**2 - 1 + 514*v**2 - 850*v**2. Calculate d(1).
2
Let w = -10818 + 1298161/120. Let v(b) be the third derivative of 0*b - 1/24*b**4 - 1/60*b**5 + 1/2*b**3 + 0 + 3*b**2 + w*b**6. Determine v(0).
3
Let s(m) = -2*m + 21. Suppose 4*c - 4*y - 32 = 0, -3*y = 2*c - 91 + 80. Give s(c).
7
Let d(l) = 13*l + 155 - 80 + 18 + 25. Calculate d(-11).
-25
Suppose 2*f - 61 = -37. Suppose 13 = 5*o - f. Suppose 0 = -x - 4*b - 16 - 4, -28 = o*x + 2*b. Let d(n) = -n - 3. What is d(x)?
1
Let t(c) = 155*c - 1. Let n(u) = 157*u - 6. Let m(b) = -4*n(b) + 4*t(b). What is m(3)?
-4
Suppose -6*t = -t + 5. Let m(n) = 6*n**2 + 6*n - 5. Let p be m(-3). Let w(z) = -p*z**2 + 9*z**3 + 31*z**2 - 4*z**3 + z. Give w(t).
-6
Let b(a) = 36*a - 163. Let v be b(5). Let z(c) = 4*c**2 + 956*c**3 - v - 3 + 4*c**2 - 955*c**3 + 11*c**2 - c. Determine z(-19).
-1
Suppose -57 = -5*n + 4*x, 5*n - 44 - 4 = x. Suppose -f + 0 + n = 0. Suppose 20 = 7*a - f*a. Let l(r) = -r**2 - 10*r + 5. Calculate l(a).
5
Let o(c) = c**2 - 12*c + 2. Let p(b) = -b - 45. Let h(n) = 5*n + 136. Let w(r) = -3*h(r) - 8*p(r). Let i be w(-8). Determine o(i).
-30
Suppose 129*y + 727 = -47. Let t(v) = 4*v + 24. What is t(y)?
0
Let u(k) = -199*k - 81. Let x(m) = 149*m + 64. Let v(t) = 14*u(t) + 19*x(t). Give v(-2).
-8
Let l(i) be the second derivative of i**7/840 - 11*i**6/360 + i**5/15 + 13*i**4/24 - 17*i**3/3 - 76*i. Let y(s) be the second derivative of l(s). Give y(10).
-7
Suppose -2*k - 78 = -5*z, 0*z - 2*z = -k - 31. Let l(w) = w**2 - 23 + 0*w**2 - 17*w + 36. What is l(z)?
-3
Let l(w) = 9*w - 50. Let u be 10 - 14 - 22/((-4)/2). Calculate l(u).
13
Suppose 0 = 5*z + 15, 0 = -3*t - 4*z - 1 - 5. Let w(n) = -2*n - 530*n**2 - 1302 + 1298 + 535*n**2. Give w(t).
12
Let l(u) = -3*u**2 + u + 130. Let y(i) = -i**2 + 47. Let q(v) = -4*l(v) + 11*y(v). Suppose -2*n + 10 = -0*n. What is q(n)?
2
Let j(b) = 4*b**2 + 10*b - 25. Let h be (-345)/(-207)*(-6)/(-5). Determine j(h).
11
Let m(d) = d**3 + 23*d**2 - 7*d - 3. Let o(r) = -r**3 - 26*r**2 + 7*r + 5. Let j(s) = 6*m(s) + 5*o(s). Suppose 0 = 3*p + 35 - 8. What is j(p)?
-11
Suppose 4*u + 64 = 4*o, 50 = -4*o + 8*o - 2*u. Let r(b) = -b**3 + 7*b**2 + 18*b - 9. Determine r(o).
-9
Let q(y) = 67*y**2 + 16*y + 29. Let r(s) = 31*s**2 + 8*s + 15. Let x(z) = -6*q(z) + 13*r(z). Determine x(-11).
54
Let i(v) = -2*v**3 + 10*v**2 - 2*v + 5. Suppose 0 = -15*k - 592 + 667. What is i(k)?
-5
Let z be (12/(-10))/((-78)/260) + -6. Let j(q) = 133 + 2*q**3 + 130 + 2*q**2 - 261. Determine j(z).
-6
Let k(q) = -q**2 - 2*q + 15. Let h(m) = -m**3 + 9*m**2 + 30*m - 94. Let t be h(11). What is k(t)?
-9
Let f(y) be the second derivative of -y**5/20 - 11*y**4/12 - 8*y**3/3 + 7*y**2 - 2*y - 1183. What is f(-9)?
-4
Suppose -5*h - 3550*f = -3548*f - 35, -4*h - 5*f + 45 = 0. Suppose -y + 0*y = -1. Let k(u) = -1 - y + 9*u - 3*u - u**2. Calculate k(h).
3
Suppose -3*v - 861 = -5*t - 0*v, -5*t + 851 = 2*v. Let z = t - 174. Let s(c) = c**3 + 4*c**2 + 5*c + 2. Give s(z).
-4
Let h(f) = f**3 + 3*f**2 + 5*f + 1. Let s(w) = w**3 + 2*w**2 + 3*w. Let y(o) = 2*h(o) - 3*s(o). Suppose 2*u - 2*k + 3 = -11, -2*u = -k + 9. Give y(u).
8
Let f(n) = -6*n**2 - 196*n - 125. Let o be f(-32). Let k(b) be the second derivative of 4*b + 0 - 5/6*b**o - 1/12*b**4 - b**2. Determine k(-3).
4
Suppose 0 = -62*u + 17*u + 855. Suppose 100 = u*k + 24. Let w(q) = -q + 2. Calculate w(k).
-2
Let g = -110 + 113. Let k = -5 - -10. Let a(u) = -5 - 2*u**2 - u + 0*u**2 + k + u**3. Give a(g).
6
Let d(t) = t + 5. Let r be (-4)/3 - (-240)/45. Suppose -r*c = 4*c. Determine d(c).
5
Suppose -17 = -3*j - l, -2*l - 19 = -5*j + l. Let h(f) = 2*f**2 + 7*f. Let k be h(-4). Let t(v) = 8 - 2 - k + 3 - v. Determine t(j).
0
Let z(x) = x + 33. Let u = -2359 + 2335. Give z(u).
9
Let j(o) = -5*o + 5 + 56 - 134 + 45. Calculate j(-16).
52
Let r(y) = y**3 + 13*y**2 - 20*y - 82. Let t be (385/44)/(25/(-40)). What is r(t)?
2
Let w = -616 - -616. Let f(x) be the third derivative of -x**6/720 - x**5/40 + x**4/8 - 5*x**2. Let r(z) be the second derivative of f(z). Give r(w).
-3
Let i be 2/16 - ((-45)/24)/1. Let m(o) = -o**3 - 7*o + 17. Give m(i).
-5
Suppose -5*a = -4*z + 13, 5*z - 14 = -4. Let q(y) = 3*y**2 - 2*y - 3. Determine q(a).
2
Let u(i) = 7*i**3 - 6*i**2 + 7*i + 49. Let g(d) = -3*d**3 + 2*d**2 - 3*d - 22. Let n(c) = -9*g(c) - 4*u(c). Determine n(3).
26
Let v(r) = -r - 3. Suppose -3*z - 2*z = 40. Let y be (-35 - z)/(2/(-6)). Let u = y - 86. What is v(u)?
2
Let v(y) = -12*y. Let u = 180 - 799. Let o = u - -618. What is v(o)?
12
Let w(n) = 13*n + 8*n + 1 - 30 - 36*n. What is w(-5)?
46
Let s(d) = -17*d - 28*d + 36*d - 25*d. Determine s(0).
0
Let i(z) = z**2 - 10*z - 7. Let v = 10618 + -10606. Determine i(v).
17
Suppose 0 = -3*f - 35 + 44. Let h(j) = 2*j**2 - 5*j + 1403 - 4*j**f - 1404 + 5*j**3. Suppose -3*c = 3*s + 3, -3*s - s - 2*c - 10 = 0. Give h(s).
-13
Suppose 5*h + 318 = 4*f, -17*h - f = -15*h + 122. Let g = 56 + h. Let z(t) = 3*t + 1. Give z(g).
-17
Let d(l) = l**2 + 43 + 42*l + 91*l - 145*l. Give d(6).
7
Let y(v) = v**3 + 2*v + 9. Let a = -6182 + 6182. Calculate y(a).
9
Let a(c) = -c**2 + 2*c. Let l be ((-1)/2*-2)/(-2)*(237 - 239). Give a(l).
1
Let y(i) = i**2 + 11*i - 1. Suppose 0 = -371*w + 270*w - 303. What is y(w)?
-25
Let k(h) = 5705 - 2865 + 32*h**2 - 33*h**2 - 2842. Let p(z) = z**2 + 1. Let d be p(-1). What is k(d)?
-6
Suppose 4 = -2*h + 2. Let b(w) = -666 + 666 - 28*w**3. Calculate b(h).
28
Let r(j) = j + 1. Let h(d) = d - 6*d + 2 + 15*d. Let v(c) = -h(c) + r(c). Let u(k) = -8*k. Let t(f) = -4*u(f) + 3*v(f). What is t(2)?
7
Let r(d) = -130*d + 83. Let m(x) = 879*x - 579. Let z(v) = 4*m(v) + 27*r(v). What is z(6)?
-39
Let r be (-6 + 10)*((-2015)/(-868) + 6/14). Let y(d) = d**3 - 12*d**2 + 10*d - 14. Calculate y(r).
-25
Let r(f) = f**3 + f**2 + 5*f + 12. Let n be (63/18 - -1)*(-36)/81. Give r(n).
-2
Let q = -100 - -304. Suppose -199*x + q*x = 35. Let n(p) = p**3 - 8*p**2 + 6*p + 4. Calculate n(x).
-3
Let y(g) be the first derivative of 2*g**3/3 - 7*g**2/2 - 6*g + 2126. Give y(-1).
3
Let d = 201 + -451. Let j = d + 248. Let y(s) = s**3 + s**2 - s - 1. Let g(i) = 2*i**3 - 4*i - 3. Let l(a) = -g(a) + 3*y(a). Give l(j).
2
Let t(y) = 2*y**2 - 4. Let g be t(-2). Suppose -g*q - 4*q + 24 = 0. Let j(r) = r - r + r**q - 6 - 8*r**2 - 2*r + 4*r. Calculate j(8).
10
Let m(w) = -2*w. Let i(n) be the second derivative of -n**3/2 - n**2/2 + 7*n - 2. Let d(u) = -5*i(u) + 8*m(u). Give d(0).
5
Let k(s) = s**2 - 13*s - 5. Suppose 4*g - 5 = -t, -2*t + 3 = -2*g - 7. Suppose -13*y + 3*y + 130 = g. Give k(y).